e
Is 444624241 prime?
True
Is 216513448843 a prime number?
True
Is 26530465723 composite?
False
Is 15189473699 a composite number?
False
Is 145724176187 prime?
False
Is 317487091 composite?
False
Is 238741053617 a composite number?
True
Is 28146913 prime?
False
Is 1607685871 composite?
True
Is 272910137 a prime number?
False
Is 16131525185 prime?
False
Is 1297064159 a composite number?
False
Is 8969716867 a composite number?
False
Is 1240507063 a composite number?
True
Is 374337346 a composite number?
True
Is 263442783 a prime number?
False
Is 830632643 prime?
True
Is 13576771589 prime?
True
Is 187785217 a prime number?
True
Is 266084317 a composite number?
False
Is 175115868703 a composite number?
False
Is 504724453 prime?
False
Is 47329860265 a prime number?
False
Is 1476263077 composite?
False
Is 7161185909 composite?
False
Is 1390966349 a composite number?
False
Is 13713943 composite?
True
Is 14992243061 composite?
False
Is 347808749 a prime number?
True
Is 21053961287 a prime number?
False
Is 17204767279 prime?
False
Is 20568292447 composite?
False
Is 20504155429 a composite number?
False
Is 71810839057 prime?
True
Is 149621963 prime?
False
Is 2581093477 a prime number?
True
Is 162180803 composite?
True
Is 39073326007 a composite number?
True
Is 2156444531 composite?
False
Is 314850777 prime?
False
Is 7435706671 a prime number?
True
Is 16357573697 composite?
True
Is 4071216113 a composite number?
True
Is 28760993 a composite number?
False
Is 642670277 prime?
True
Is 44113094473 a prime number?
False
Is 1963146533 a composite number?
True
Is 8773156059 a prime number?
False
Is 548720197 composite?
True
Is 9729185101 a prime number?
True
Is 411989267 prime?
False
Is 2288588735 a prime number?
False
Is 146271089243 a composite number?
True
Is 335366191 a prime number?
False
Is 489108331 a composite number?
False
Is 774969859 a prime number?
False
Is 8136928451 a composite number?
False
Is 335907493739 a prime number?
False
Is 66478503823 composite?
False
Is 368342087 prime?
True
Is 2804787995 composite?
True
Is 14066289467 a composite number?
False
Is 1812493535 prime?
False
Is 905983757 prime?
False
Is 1699265807 composite?
True
Is 630027029 prime?
True
Is 172761223 a prime number?
True
Is 6204628307 a prime number?
False
Is 3480911807 a prime number?
True
Is 2284470647 a composite number?
False
Is 335179339 composite?
True
Is 1738648477 composite?
True
Is 3352078133 a composite number?
True
Is 13292009233 a composite number?
False
Is 3088144769 a composite number?
True
Is 26415902251 a composite number?
True
Is 5066300969 a composite number?
False
Is 13511074169 a composite number?
True
Is 4007369134 a prime number?
False
Is 1154649697 a composite number?
False
Is 5312613469 a composite number?
False
Is 9180829699 a composite number?
True
Is 14224180519 composite?
False
Is 9446191127 a composite number?
True
Is 20217166303 a prime number?
True
Is 12850846621 a prime number?
False
Is 19687805689 a composite number?
True
Is 5376464069 a composite number?
False
Is 10678341059 prime?
False
Is 1867387345 prime?
False
Is 1182496843 a composite number?
True
Is 32932153 prime?
True
Is 41630489477 a prime number?
True
Is 5792195861 prime?
True
Is 11785155533 prime?
True
Is 672451215815 prime?
False
Is 204032327 a composite number?
False
Is 1772910991 prime?
True
Is 21198009101 a prime number?
True
Is 121180840777 a composite number?
False
Is 10537057319 a prime number?
True
Is 50628031 a prime number?
True
Is 47273034337 prime?
False
Is 28084736353 composite?
False
Is 10042671233 composite?
True
Is 7761880309 a composite number?
True
Is 3308768867 a prime number?
True
Is 44155871167 prime?
True
Is 2231594103 a composite number?
True
Is 4634873051 a composite number?
True
Is 5367468313 prime?
True
Is 2966175167 a prime number?
False
Is 94248971 a composite number?
False
Is 3084721439 a composite number?
False
Is 151137822287 composite?
False
Is 4370057453 composite?
True
Is 596574553 composite?
True
Is 716349061 a prime number?
True
Is 106726458931 a prime number?
False
Is 2065294501 a prime number?
True
Is 4062338193 prime?
False
Is 216781427 a prime number?
True
Is 67962942178 a prime number?
False
Is 1256442415 composite?
True
Is 129224351 prime?
False
Is 555701387 a prime number?
True
Is 20711623481 a composite number?
True
Is 5282921467 a composite number?
False
Is 1643988461 a composite number?
False
Is 513639011 composite?
True
Is 4014494321 composite?
True
Is 38091450289 composite?
True
Is 3243276721 a composite number?
True
Is 56087260651 composite?
False
Is 19417753213 composite?
True
Is 114834281 a composite number?
False
Is 6859852462 composite?
True
Is 8833770182 a prime number?
False
Is 16203314447 a composite number?
False
Is 40405279111 a composite number?
False
Is 3353990089 composite?
False
Is 42476017 a composite number?
False
Is 3839322577 a prime number?
True
Is 258014719 prime?
False
Is 157716697 composite?
True
Is 9573883453 a prime number?
True
Is 25503410821 composite?
True
Is 118800181 a prime number?
True
Is 4813813133 a composite number?
False
Is 502238881 prime?
True
Is 63456299 a prime number?
True
Is 1020097919 composite?
True
Is 653233913 composite?
True
Is 261968910887 prime?
True
Is 28225685 a prime number?
False
Is 6201917591 a composite number?
False
Is 1336026422 composite?
True
Is 14345337119 a prime number?
False
Is 10742479091 a prime number?
False
Is 2797941101 prime?
True
Is 3374309633 prime?
True
Is 6231814439 a prime number?
True
Is 1210064501 prime?
True
Is 69826117 prime?
False
Is 226939823 a composite number?
True
Is 13859093342 a composite number?
True
Is 683993057 composite?
True
Is 16014611 a composite number?
True
Is 6051932333 composite?
False
Is 741565967 prime?
True
Is 7971645931 a prime number?
True
Is 3755624593 a prime number?
False
Is 276330401 a prime number?
False
Is 5824634047 a prime number?
False
Is 3079897589 a composite number?
False
Is 2633842853 prime?
True
Is 32000911427 prime?
True
Is 14380232585 a prime number?
False
Is 293007929 composite?
False
Is 6124616209 prime?
False
Is 26536270027 composite?
True
Is 684054991 prime?
False
Is 40366408645 a prime number?
False
Is 6776992777 prime?
False
Is 440327539 composite?
False
Is 1232198339 composite?
False
Is 15116419187 prime?
False
Is 27424049813 a composite number?
True
Is 36042740711 composite?
True
Is 10853456021 composite?
False
Is 4565693063 a composite number?
False
Is 1466182243 a prime number?
False
Is 4798055267 a composite number?
False
Is 13249288193 composite?
True
Is 2310181519 composite?
True
Is 3925906657 a composite number?
False
Is 24091961 composite?
True
Is 8597274505 composite?
True
Is 3789007289 prime?
True
Is 3023127397 prime?
True
Is 15107630929 a prime number?
True
Is 6062337653 a prime number?
True
Is 33792993127 a composite number?
False
Is 40583217577 a composite number?
True
Is 29891941133 prime?
False
Is 5791388231 composite?
False
Is 697566521 composite?
False
Is 308219543 a composite number?
False
Is 230549648059 a composite number?
False
Is 1133036547 composite?
True
Is 13551818503 a prime number?
False
Is 208617831427 a prime number?
True
Is 9163298653 prime?
True
Is 883559623 composite?
False
Is 15994213957 a composite number?
True
Is 69617572153 composite?
False
Is 719556889 composite?
False
Is 50516761 a composite number?
False
Is 19028377903 a composite number?
True
Is 25383347 a prime number?
False
Is 4115685527 prime?
False
Is 761876329 a prime number?
True
Is 91838891351 prime?
True
Is 8066403277 composite?
False
Is 1447901627 a prime number?
False
Is 613890169 a composite number?
False
Is 279038209 prime?
False
Is 3259032181 a composite number?
False
Is 76092403 prime?
False
Is 504435311 a prime number?
True
Is 29842859 a prime number?
True
Is 494349677 prime?
True
Is 378899999 a composite number?
True
Is 3884671331 composite?
False
Is 1642054229 composite?
True
Is 29234558629 a composite number?
False
Is 15724068839 prime?
True
Is 312405935 prime?
False
Is 1533417422 a prime number?
False
Is 7624256285 a prime number?
False
Is 644412427 a prime number?
True
Is 1550296919 composite?
False
Is 10996209727 a composite number?
False
Is 7406819003 a composite number?
False
Is 742088341 a compo